 - 12*z - 3. List the prime factors of q(n).
5
Suppose 0 = -z + 5*z - 60. Let r = z - 21. Let n = 4 - r. List the prime factors of n.
2, 5
Let x be 7*-3*2/(-6). Suppose 3 = -4*f + 15. Suppose 0 = -f*n + x + 23. What are the prime factors of n?
2, 5
Let a be (-1)/2 - 5/2. What are the prime factors of a/(3/1)*-3?
3
Let v be 60/14 + 8/(-28). Suppose v*x - 2*x + 5*o = -15, -o - 3 = -x. Suppose -g - 3*d + 24 = g, x = -2*d + 4. List the prime factors of g.
3
Suppose -2*q = -4*q + l + 57, 0 = q + 4*l - 51. What are the prime factors of q?
31
Suppose 0 = -d + 5*d - 156. What are the prime factors of d?
3, 13
Suppose -o - 2 + 8 = 0. What are the prime factors of 128/o - 4/12?
3, 7
Let l(v) = 4*v**2 + 1. Suppose -o + 3*o + 2 = 0. Let t be l(o). Suppose -23 = -t*q - 8. List the prime factors of q.
3
Let l be (-5)/(-5)*(-2 - -42). Suppose -5*p + 55 = -2*r, 5*r = 3*p + 2*p - l. What are the prime factors of p?
13
Let m be -12*((-7)/(-3) + -3). Let t = m - -11. List the prime factors of t.
19
List the prime factors of (0/2)/(-6 - -5) + 217.
7, 31
Suppose 3*a + 4*f = -36, -4*a - 5*f = 33 + 14. Let b(h) = h - 1. Let c be b(a). List the prime factors of ((-6)/c)/((-2)/(-39)).
13
Suppose -4*p - 115 + 3 = -4*k, 2*p = -5*k + 161. List the prime factors of k.
31
Let c be (-69)/(-12) + (-3)/4. Suppose 89 = 3*v - 3*f + 7*f, -2*v + 71 = c*f. What are the prime factors of v?
23
List the prime factors of (2 - 5 - -5) + 4/1.
2, 3
Let c = 5 + -3. Suppose -c*q = 4 - 18. List the prime factors of q.
7
Suppose -3*l - 2*g = 2*g - 152, -4*g = 4. What are the prime factors of 2/5 - l/(-20)?
3
Let c be (-324)/8*(-3 + 1). Suppose -2*v + c = v. List the prime factors of v.
3
List the prime factors of 1094/10 - (-13)/((-455)/14).
109
Suppose r - 69 = 4*g - 26, 3*g = -6. List the prime factors of r.
5, 7
Let k = -12 - -20. Suppose -25 = -3*b - 5*f - k, 20 = 4*b + 4*f. Suppose -a - 11 = -4*m + b*a, -3*a + 6 = -m. List the prime factors of m.
3
Let m = -20 + 88. What are the prime factors of m?
2, 17
List the prime factors of 3*(-18)/(-2) - -4.
31
Let y = -17 + 14. Let g = 23 + y. List the prime factors of g.
2, 5
Suppose 5*m = 78 - 13. Suppose 0 = 2*u - 15 - m. What are the prime factors of u?
2, 7
Let z be (3/3)/(1/5). Let v = -3 + z. List the prime factors of (v - 0 - -2)/1.
2
Let k(j) = -12*j - 6. Let y be k(-9). Let g = -72 + y. What are the prime factors of g?
2, 3, 5
Let b be 1/(-2)*(-3 - 81). Let q = b - 24. What are the prime factors of q?
2, 3
Let d = -175 - -364. List the prime factors of d.
3, 7
Let t be (1 - -10) + 0/(-4). Suppose t = c - 1. What are the prime factors of c?
2, 3
Let m(u) = -3*u**3 - u**2 + u + 1. Let n be m(-1). Suppose 0 = 2*w - 4 - 2, 3*w = 4*q - 19. Suppose 0 = -q*i + n*i + 75. What are the prime factors of i?
3, 5
Let n(b) = -b - 2. Let g be n(-4). Let j = g - -2. Let a = 6 - j. What are the prime factors of a?
2
Let u = 219 - 107. List the prime factors of u.
2, 7
Suppose 3*g - 11 = -2*f, -2*f - 5*g + 6 + 15 = 0. Let d(r) = -4*r**3 - 3*r**2 - r + 1. Let a be d(f). Let p = 32 - a. List the prime factors of p.
3
Let p = 0 - -16. Let a = p + -5. What are the prime factors of a?
11
Let l be 2/(-10) - (-294)/(-30). Let s = 25 - l. List the prime factors of s.
5, 7
Let v(n) = 14*n + 328. List the prime factors of v(0).
2, 41
Let s(g) be the first derivative of -g**3/3 - 5*g**2/2 + 6*g - 4. List the prime factors of s(-5).
2, 3
Let r be (0 - -2)/((-1)/(-3)). Let v(l) be the second derivative of -l**4/12 + l**3 + 5*l**2/2 - 11*l. What are the prime factors of v(r)?
5
Let u = 39 - 40. Let h = -28 + 16. Let a = u - h. List the prime factors of a.
11
Suppose 0*x + 2*x = -20. List the prime factors of (-6)/(-15) - 296/x.
2, 3, 5
Let z = -1 - -1. Suppose z*h - 2*h + 6 = 0. Suppose 4*j = -3*l + 37, 0 = -l + j + h. What are the prime factors of l?
7
Suppose 0 = 5*n + 5*z - 105, 0 = -z - 3 + 4. Let b be (-8)/n - (-27)/5. Suppose 4*t + 10 = -o, b*o + 17 = 5*t + 67. What are the prime factors of o?
2, 3
Let o = -2 - -3. Let p be (-3*o)/3*-2. What are the prime factors of (1 - 2/p) + 3?
3
Suppose 7 = -2*x - 5. What are the prime factors of (-2)/x - 141/(-9)?
2
Suppose -5*o + 176 = -o. Suppose 0 = -2*c - 0*c + o. What are the prime factors of c?
2, 11
List the prime factors of (3 - (1 + 1))*59.
59
Suppose 8*c - 3*c - 126 = -3*r, 3*r = 5*c + 96. List the prime factors of r.
37
Let n = 30 - -112. What are the prime factors of n?
2, 71
What are the prime factors of (2 - -2) + (-21)/(-3)?
11
Let g(w) = -w + 7. Let i be g(0). Let d = 18 - i. List the prime factors of d.
11
Suppose -4*q = -q. Suppose 5*b = -q*b + 30. What are the prime factors of b?
2, 3
List the prime factors of 1/(((-4)/15)/(-4)).
3, 5
Let i = 2 - 1. Let q(g) = 2*g + 1. Let k be q(-3). Let f = i - k. List the prime factors of f.
2, 3
Suppose 4*k + 192 = -2*x, -3*x - 3*k = x + 379. Let b be (-2)/3 - x/6. Suppose 0*r - b = -v - 5*r, 0 = 2*r. What are the prime factors of v?
3, 5
Let h = 5 + -8. Let c(v) = v**2 + 4. What are the prime factors of c(h)?
13
Let s = 220 - 103. What are the prime factors of s?
3, 13
Suppose 2*i - 7*i - 3*j = -28, 0 = 5*i + j - 26. Suppose 5*h = 3*t + 6, t + i*h - 21 = -t. What are the prime factors of t?
3
Let r be 153/(-6)*2/(-3). Suppose m = 4*d + 22, 4*d + r = 4*m - 23. List the prime factors of m.
2, 3
Suppose -14 = 3*b - 5. Suppose -2*a = 3*a + 55. Let h = b - a. List the prime factors of h.
2
Suppose 2*j - 102 = j. What are the prime factors of j?
2, 3, 17
Let m be (40/(-32))/(2/(-8)). Suppose -m*i + 5 = 5*h, 4*i + 3*h - 22 = 5*h. Let t(a) = a**2 + 2. What are the prime factors of t(i)?
2, 3
Suppose 0 = -5*u + 70 + 245. Suppose 5*k - 159 = -0*i - 3*i, -2*k = i - u. List the prime factors of k.
2, 3, 5
Suppose 0 = -5*w + 794 + 136. What are the prime factors of w?
2, 3, 31
Let t be (4/10)/(1/20). Let s = 30 - t. List the prime factors of s.
2, 11
Suppose q - 209 = 43. What are the prime factors of q?
2, 3, 7
Suppose -2173 = -5*p + 62. List the prime factors of p.
3, 149
Suppose 0 = j + 2*j + 4*q - 43, -4*j - 3*q = -55. Suppose -33 + j = -2*t. List the prime factors of t.
2, 5
Suppose -i + 3*n = 11, -6*i + 5*i + 2*n = 9. Let s = -1 + 5. Let t = s - i. List the prime factors of t.
3
Let f = 69 - 43. What are the prime factors of f?
2, 13
Let c(g) = 7*g**2 + g + 1. Let u be c(-2). List the prime factors of u/(-6)*4/(-3).
2, 3
Let z(n) be the second derivative of -3*n**5/20 - n**4/12 - n**2/2 + 8*n. What are the prime factors of z(-2)?
19
Suppose -4*c - 3*s + 885 = 0, 465 = -3*c + 5*s + 1165. What are the prime factors of c?
3, 5
Let t(d) = -d**3 - 11*d**2 - 6*d + 1. List the prime factors of t(-11).
67
Let u(l) = -18*l - 5. What are the prime factors of u(-5)?
5, 17
Suppose -68 = -4*f + 36. Let h = 51 - f. List the prime factors of h.
5
Let n = 3 - 1. Let u(v) = -v + 12. Let i be u(10). Suppose i*h + 2*l = -3*l + 29, 4*h - 82 = -n*l. List the prime factors of h.
2, 11
Let r(t) = t**3 - 5*t**2 - 3*t - 12. List the prime factors of r(7).
5, 13
Let c = 36 - 12. Suppose v = -5*t + c, -3*v - t = t - 20. Suppose v*f - 19 - 49 = 0. List the prime factors of f.
17
Suppose 3*v = 4*v - 61. List the prime factors of v.
61
Suppose 0 = 3*n + 4 - 13. Suppose 0*f = 3*f + 6. List the prime factors of n*f*(-1)/3.
2
Let l = 20 - 16. List the prime factors of l.
2
Let f = 136 + 31. List the prime factors of f.
167
Let o be ((0/2)/3)/(-2). Suppose n = -4*c - 6, 2*c - 2 = -n - o*c. Let f = n - 5. What are the prime factors of f?
5
Suppose 3*l - 2*b - 49 = -3*b, -b + 4 = 0. Suppose l = -2*p + 7*p. List the prime factors of p.
3
Let g(y) = y**3 - 3*y**2 - 2*y - 1. Let r be g(3). Let b = r - -11. What are the prime factors of b?
2
Suppose 0 = -16*p + 12*p + 1000. List the prime factors of p.
2, 5
Suppose -4*s + 16 = 0, 2*s - 371 = -5*n - 2*s. List the prime factors of n.
71
Let x(i) = i**3 + 6*i**2 + 6*i + 7. List the prime factors of x(-4).
3, 5
Suppose 12*p + 2*p = 4872. List the prime factors of p.
2, 3, 29
Let x = 19 + -4. Let h be (-1 + 0)*-27 + 2. Let b = h - x. List the prime factors of b.
2, 7
Let q = -362 - -556. List the prime factors of q.
2, 97
Let b(d) = -d + 6. Let t(n) = -2*n + 5. Let p(l) = -4*b(l) + 3*t(l). Let r be p(-7). Suppose 0 = 2*f - r + 1. List the prime factors of f.
2
S